 the tens digit of 1896?
9
What is the thousands digit of 5238?
5
What is the tens digit of 68868?
6
What is the thousands digit of 37952?
7
What is the thousands digit of 23407?
3
What is the thousands digit of 2710?
2
What is the thousands digit of 1521?
1
What is the units digit of 1549?
9
What is the ten thousands digit of 15096?
1
What is the tens digit of 814?
1
What is the tens digit of 374?
7
What is the hundreds digit of 33626?
6
What is the units digit of 1210?
0
What is the units digit of 1384?
4
What is the hundreds digit of 1343?
3
What is the units digit of 1358?
8
What is the units digit of 7324?
4
What is the units digit of 86110?
0
What is the tens digit of 1205?
0
What is the units digit of 21833?
3
What is the hundreds digit of 1974?
9
What is the thousands digit of 53559?
3
What is the hundreds digit of 2001?
0
What is the tens digit of 1279?
7
What is the ten thousands digit of 76550?
7
What is the thousands digit of 14030?
4
What is the thousands digit of 158967?
8
What is the hundreds digit of 3304?
3
What is the hundreds digit of 67643?
6
What is the tens digit of 18640?
4
What is the units digit of 1128?
8
What is the ten thousands digit of 10967?
1
What is the ten thousands digit of 40190?
4
What is the units digit of 35057?
7
What is the hundreds digit of 3778?
7
What is the tens digit of 8090?
9
What is the thousands digit of 7338?
7
What is the thousands digit of 2528?
2
What is the hundreds digit of 29925?
9
What is the units digit of 26432?
2
What is the units digit of 800?
0
What is the units digit of 37491?
1
What is the thousands digit of 44216?
4
What is the hundreds digit of 8531?
5
What is the thousands digit of 6232?
6
What is the tens digit of 1607?
0
What is the hundreds digit of 18753?
7
What is the units digit of 475?
5
What is the hundreds digit of 1017?
0
What is the tens digit of 3305?
0
What is the units digit of 32326?
6
What is the units digit of 56013?
3
What is the hundreds digit of 12894?
8
What is the tens digit of 7230?
3
What is the hundreds digit of 84221?
2
What is the tens digit of 194?
9
What is the hundreds digit of 1234?
2
What is the tens digit of 1123?
2
What is the hundreds digit of 2257?
2
What is the thousands digit of 2240?
2
What is the tens digit of 560?
6
What is the thousands digit of 48360?
8
What is the tens digit of 1447?
4
What is the hundreds digit of 16860?
8
What is the tens digit of 892?
9
What is the hundreds digit of 56277?
2
What is the tens digit of 862?
6
What is the hundreds digit of 461?
4
What is the thousands digit of 9016?
9
What is the ten thousands digit of 17025?
1
What is the hundreds digit of 16753?
7
What is the tens digit of 5809?
0
What is the units digit of 102079?
9
What is the ten thousands digit of 15277?
1
What is the tens digit of 884?
8
What is the units digit of 11679?
9
What is the units digit of 658?
8
What is the thousands digit of 64213?
4
What is the ten thousands digit of 13167?
1
What is the tens digit of 41284?
8
What is the units digit of 1137?
7
What is the tens digit of 3775?
7
What is the units digit of 404?
4
What is the tens digit of 2688?
8
What is the hundreds digit of 93428?
4
What is the hundreds digit of 266?
2
What is the tens digit of 3088?
8
What is the hundreds digit of 193946?
9
What is the units digit of 18885?
5
What is the tens digit of 33658?
5
What is the tens digit of 452?
5
What is the units digit of 58707?
7
What is the units digit of 19654?
4
What is the thousands digit of 22134?
2
What is the tens digit of 114584?
8
What is the hundreds digit of 110?
1
What is the hundreds digit of 1104?
1
What is the units digit of 721?
1
What is the units digit of 3?
3
What is the hundreds digit of 964?
9
What is the units digit of 387?
7
What is the hundreds digit of 5141?
1
What is the ten thousands digit of 13683?
1
What is the units digit of 4225?
5
What is the hundreds digit of 447?
4
What is the tens digit of 3285?
8
What is the thousands digit of 45115?
5
What is the units digit of 107503?
3
What is the tens digit of 900?
0
What is the tens digit of 963?
6
What is the tens digit of 19791?
9
What is the thousands digit of 2044?
2
What is the tens digit of 4877?
7
What is the tens digit of 16782?
8
What is the tens digit of 2832?
3
What is the hundreds digit of 410?
4
What is the tens digit of 14631?
3
What is the tens digit of 26007?
0
What is the thousands digit of 35421?
5
What is the units digit of 369?
9
What is the units digit of 2815?
5
What is the tens digit of 7652?
5
What is the thousands digit of 2724?
2
What is the hundreds digit of 4737?
7
What is the hundreds digit of 25217?
2
What is the hundreds digit of 812?
8
What is the hundreds digit of 469?
4
What is the thousands digit of 7283?
7
What is the hundreds digit of 1120?
1
What is the units digit of 6258?
8
What is the hundreds digit of 4355?
3
What is the thousands digit of 39872?
9
What is the thousands digit of 13085?
3
What is the units digit of 194?
4
What is the units digit of 85731?
1
What is the tens digit of 57749?
4
What is the hundreds digit of 105274?
2
What is the tens digit of 341?
4
What is the tens digit of 15083?
8
What is the thousands digit of 2083?
2
What is the hundreds digit of 312?
3
What is the units digit of 38?
8
What is the units digit of 285?
5
What is the tens digit of 37792?
9
What is the tens digit of 3962?
6
What is the hundreds digit of 4495?
4
What is the tens digit of 32236?
3
What is the hundreds digit of 1848?
8
What is the units digit of 626?
6
What is the thousands digit of 8181?
8
What is the tens digit of 8684?
8
What is the units digit of 51428?
8
What is the hundreds digit of 167?
1
What is the tens digit of 2116?
1
What is the tens digit of 46329?
2
What is the tens digit of 4108?
0
What is the tens digit of 3969?
6
What is the units digit of 467?
7
What is the tens digit of 1603?
0
What is the hundreds digit of 22404?
4
What is the thousands digit of 16863?
6
What is the tens digit of 4107?
0
What is the thousands digit of 1132?
1
What is the units digit of 7568?
8
What is the thousands digit of 46329?
6
What is the units digit of 530?
0
What is the tens digit of 3687?
8
What is the hundreds digit of 743?
7
What is the ten thousands digit of 19672?
1
What is the hundreds digit of 885?
8
What is the thousands digit of 77565?
7
What is the hundreds digit of 135?
1
What is the thousands digit of 41580?
1
What is the tens digit of 934?
3
What is the units digit of 68250?
0
What is the hundreds digit of 1307?
3
What is the hundreds digit of 535?
5
What is the units digit of 195?
5
What is the thousands digit of 2725?
2
What is the thousands digit of 2869?
2
What is the thousands digit of 3874?
3
What is the tens digit of 4602?
0
What is the units digit of 1014?
4
What is the tens digit of 450?
5
What is the tens digit of 876?
7
What is the tens digit of 36585?
8
What is the ten thousands digit of 40152?
4
What is the thousands digit of 20995?
0
What is the thousands digit of 8547?
8
What is the hundreds digit of 5142?
1
What is the tens digit of 4428?
2
What is the units digit of 1075?
5
What is the units digit of 511?
1
What is the hundreds digit of 61641?
6
What is the units digit of 585?
5
What is the thousands digit of 10876?
0
What is the thousands digit of 3018?
3
What is the hundreds digit of 17496?
4
What is the hundreds digit of 250?
2
What is the tens digit of 534?
3
What is the units digit of 63?
3
What is the hundreds digit of 86820?
8
What is the hundreds digit of 40653?
6
What is the hundreds digit of 114473?
4
What is the hundreds digit of 10182?
1
What is the tens digit of 2213?
1
What is the units digit of 9461?
1
What is the units digit of 883?
3
What is the thousands digit of 12647?
2
What is the units digit of 12?
2
What is the hundreds digit of 430?
4
What is the units digit of 1485?
5
What is the units digit of 1683?
3
What is the tens digit of 1671?
7
What is the units digit of 14482?
2
What is the units digit of 2898?
8
What is the hundreds digit of 505?
5
What is the tens digit of 794?
9
What is the tens digit of 297?
9
What is the tens digit of 6737?
3
What is the units digit of 490?
0
What is the tens digit of 1291?
9
What is the units digit of 6587?
7
What is the thousands digit o